{"id":221,"date":"2016-10-24T09:46:15","date_gmt":"2016-10-24T08:46:15","guid":{"rendered":"http:\/\/sciencebear.info\/public\/?page_id=221"},"modified":"2019-08-01T14:00:26","modified_gmt":"2019-08-01T13:00:26","slug":"online-umfragetools","status":"publish","type":"page","link":"https:\/\/sciencebear.info\/public\/sammlungen\/online-umfragetools\/","title":{"rendered":"Online-Umfragetools"},"content":{"rendered":"\n<p>F\u00fcr eine Kollegin recherchierte Liste von Online-Umfragetools. Diese k\u00f6nnen verwendet werden, wenn einem die M\u00f6glichkeit zum eigenen Hosting etwa z.B. einer <a href=\"https:\/\/www.limesurvey.org\/de\/downloads\">LimeSurvey<\/a>-Installation fehlt.<\/p>\n\n\n\n<ul class=\"wp-block-list\"><li><a href=\"http:\/\/doodle.com\">Doodle<\/a>&nbsp;(ein Google-Service, frei, aber Datenkrake)<\/li><li><a href=\"https:\/\/www.facebook.com\/questions\">Facebook-Umfragen<\/a>&nbsp;(frei, Datenkrake)<\/li><li><a href=\"https:\/\/freesurveycreator.com\/index\">Freesurveycreator<\/a>&nbsp;(Einbindung via embedded Script, Sitz in Belgien, kein Preismodell angegeben, Verweis auf Formlets.com -&gt; kein Impressum, Kontakt nur via E-Mail)<\/li><li><a href=\"http:\/\/www.class-maker.biz\/\">Class Maker<\/a><\/li><li><a href=\"https:\/\/www.google.de\/intl\/de\/forms\/about\/\">Google Forms<\/a>&nbsp;(frei, aber Datenkrake)<\/li><li><a href=\"http:\/\/www.inqwise.de\/\">Inquise<\/a>&nbsp;(m\u00f6glicherweise veraltet, letzte \u00c4nderung 2012, viele leere Unterseiten)<\/li><li><a href=\"https:\/\/www.limeservice.com\/de\">LimeServices<\/a>&nbsp;(R\u00fcckl\u00e4ufe bei kostenlosem Account begrenzt)<\/li><li><a href=\"http:\/\/www.maq-online.de\/\">MaQ<\/a> &#8211; (&#8222;Make a Questionaire&#8220;, technisch unausgereift, Impressum unvollst\u00e4ndig, Sitz scheinbar in Deutschland)<\/li><li><a href=\"http:\/\/www.onlineumfragen.com\/\">OnlineUmfragen<\/a>&nbsp;(Schweizer [optional Deutscher] Serverstandort, 2ct pro R\u00fccklauf, 500 R\u00fcckl\u00e4ufe ab 49\u20ac p. a., dar\u00fcber erneut 2ct pro R\u00fccklauf)<\/li><li><a href=\"https:\/\/polldaddy.com\/\">Polldaddy<\/a>&nbsp;(kein Datenexport in kostenlosem Account, Pro-Modell ab 200 $ p. a.)<\/li><li><a href=\"http:\/\/www.getpyne.com\/\">Pyne<\/a>&nbsp;(Seite offline &#8211; Application error)<\/li><li><a href=\"http:\/\/www.q-set.de\/\">Q-Set<\/a>&nbsp;(Auswertung bis 2000 Fragen kostenfrei, dann mind. 19\u20ac + weitere ~10\u20ac pro 1000 Antworten, Antwort z\u00e4hlt je einelner Frage, nicht pro Umfrage)<\/li><li><a href=\"http:\/\/www.qualtrics.com\/\">Qualtrics<\/a>&nbsp;(Sitz New York, U.S.A. kein transparentes Preismodell angegeben)<\/li><li><a href=\"https:\/\/de.surveymonkey.com\/home\/\">SurveyMonkey<\/a>&nbsp;(R\u00fcckl\u00e4ufe bei kostenlosem Account begrenzt)<\/li><li><a href=\"http:\/\/www.survio.com\/de\/\">Survio<\/a>&nbsp;(Sitz in Brno Tschechien, kleinstes Paket &lt;1.000 Antworten \/ Monat f\u00fcr 12,40\u20ac, erstes unlimitiertes Paket 24,10\u20ac\/Monat)<\/li><li><a href=\"https:\/\/survmetrics.com\/\">Survmetrics<\/a>&nbsp;(unbegrenzte Real-Time R\u00fcckl\u00e4ufe im freien Paket, allerdings kein Datenexport, der ab 29$\/Monat, Sitz San Francisco U.S.A.)<\/li><li><a href=\"http:\/\/twitter.com\">Twitter-Umfragen<\/a>&nbsp;(frei, Datenkrake)<\/li><li><a href=\"https:\/\/www.umbuzoo.de\/\">Umbuzzo<\/a>&nbsp;(Sitz in L\u00fcbeck, kostenloses Paket 3 Umfragen unbegrenzte Fragen und R\u00fcckl\u00e4ufe sowie CSV-Export, erstes Kommerzielles Paket ab 15\u20ac \/ Monat, +SPSS-Export, Mail-Support, Word-Cloud)<\/li><\/ul>\n","protected":false},"excerpt":{"rendered":"<p>F\u00fcr eine Kollegin recherchierte Liste von Online-Umfragetools. Diese k\u00f6nnen verwendet werden, wenn einem die M\u00f6glichkeit zum eigenen Hosting etwa z.B. einer LimeSurvey-Installation fehlt. Doodle&nbsp;(ein Google-Service, frei, aber Datenkrake) Facebook-Umfragen&nbsp;(frei, Datenkrake) Freesurveycreator&nbsp;(Einbindung via embedded Script, Sitz in Belgien, kein Preismodell angegeben, Verweis auf Formlets.com -&gt; kein Impressum, Kontakt nur via E-Mail) Class Maker Google Forms&nbsp;(frei, aber [&hellip;]<\/p>\n","protected":false},"author":1,"featured_media":0,"parent":380,"menu_order":3,"comment_status":"closed","ping_status":"closed","template":"","meta":{"footnotes":""},"class_list":["post-221","page","type-page","status-publish","hentry"],"yoast_head":"<!-- This site is optimized with the Yoast SEO plugin v25.6 - https:\/\/yoast.com\/wordpress\/plugins\/seo\/ -->\n<title>Online-Umfragetools &#8226; ScienceBear<\/title>\n<meta name=\"robots\" content=\"index, follow, max-snippet:-1, max-image-preview:large, max-video-preview:-1\" \/>\n<link rel=\"canonical\" href=\"https:\/\/sciencebear.info\/public\/sammlungen\/online-umfragetools\/\" \/>\n<meta property=\"og:locale\" content=\"de_DE\" \/>\n<meta property=\"og:type\" content=\"article\" \/>\n<meta property=\"og:title\" content=\"Online-Umfragetools &#8226; ScienceBear\" \/>\n<meta property=\"og:description\" content=\"F\u00fcr eine Kollegin recherchierte Liste von Online-Umfragetools. Diese k\u00f6nnen verwendet werden, wenn einem die M\u00f6glichkeit zum eigenen Hosting etwa z.B. einer LimeSurvey-Installation fehlt. Doodle&nbsp;(ein Google-Service, frei, aber Datenkrake) Facebook-Umfragen&nbsp;(frei, Datenkrake) Freesurveycreator&nbsp;(Einbindung via embedded Script, Sitz in Belgien, kein Preismodell angegeben, Verweis auf Formlets.com -&gt; kein Impressum, Kontakt nur via E-Mail) Class Maker Google Forms&nbsp;(frei, aber [&hellip;]\" \/>\n<meta property=\"og:url\" content=\"https:\/\/sciencebear.info\/public\/sammlungen\/online-umfragetools\/\" \/>\n<meta property=\"og:site_name\" content=\"ScienceBear\" \/>\n<meta property=\"article:modified_time\" content=\"2019-08-01T13:00:26+00:00\" \/>\n<meta property=\"og:image\" content=\"https:\/\/sciencebear.info\/public\/wp-content\/uploads\/2015\/04\/rock-1839298_1920-e1566998263420.jpg\" \/>\n\t<meta property=\"og:image:width\" content=\"1920\" \/>\n\t<meta property=\"og:image:height\" content=\"480\" \/>\n\t<meta property=\"og:image:type\" content=\"image\/jpeg\" \/>\n<meta name=\"twitter:card\" content=\"summary_large_image\" \/>\n<meta name=\"twitter:site\" content=\"@andrek81\" \/>\n<meta name=\"twitter:label1\" content=\"Gesch\u00e4tzte Lesezeit\" \/>\n\t<meta name=\"twitter:data1\" content=\"1\u00a0Minute\" \/>\n<script type=\"application\/ld+json\" class=\"yoast-schema-graph\">{\"@context\":\"https:\/\/schema.org\",\"@graph\":[{\"@type\":\"WebPage\",\"@id\":\"https:\/\/sciencebear.info\/public\/sammlungen\/online-umfragetools\/\",\"url\":\"https:\/\/sciencebear.info\/public\/sammlungen\/online-umfragetools\/\",\"name\":\"Online-Umfragetools &#8226; ScienceBear\",\"isPartOf\":{\"@id\":\"https:\/\/sciencebear.info\/public\/#website\"},\"datePublished\":\"2016-10-24T08:46:15+00:00\",\"dateModified\":\"2019-08-01T13:00:26+00:00\",\"breadcrumb\":{\"@id\":\"https:\/\/sciencebear.info\/public\/sammlungen\/online-umfragetools\/#breadcrumb\"},\"inLanguage\":\"de\",\"potentialAction\":[{\"@type\":\"ReadAction\",\"target\":[\"https:\/\/sciencebear.info\/public\/sammlungen\/online-umfragetools\/\"]}]},{\"@type\":\"BreadcrumbList\",\"@id\":\"https:\/\/sciencebear.info\/public\/sammlungen\/online-umfragetools\/#breadcrumb\",\"itemListElement\":[{\"@type\":\"ListItem\",\"position\":1,\"name\":\"Startseite\",\"item\":\"https:\/\/sciencebear.info\/public\/\"},{\"@type\":\"ListItem\",\"position\":2,\"name\":\"Sammlungen\",\"item\":\"https:\/\/sciencebear.info\/public\/sammlungen\/\"},{\"@type\":\"ListItem\",\"position\":3,\"name\":\"Online-Umfragetools\"}]},{\"@type\":\"WebSite\",\"@id\":\"https:\/\/sciencebear.info\/public\/#website\",\"url\":\"https:\/\/sciencebear.info\/public\/\",\"name\":\"ScienceBear\",\"description\":\"Wer nur tut, was er kann, wird nie mehr, als er ist. (Ford)\",\"publisher\":{\"@id\":\"https:\/\/sciencebear.info\/public\/#\/schema\/person\/19e093ed91934636837b99b00f5d7640\"},\"potentialAction\":[{\"@type\":\"SearchAction\",\"target\":{\"@type\":\"EntryPoint\",\"urlTemplate\":\"https:\/\/sciencebear.info\/public\/?s={search_term_string}\"},\"query-input\":{\"@type\":\"PropertyValueSpecification\",\"valueRequired\":true,\"valueName\":\"search_term_string\"}}],\"inLanguage\":\"de\"},{\"@type\":[\"Person\",\"Organization\"],\"@id\":\"https:\/\/sciencebear.info\/public\/#\/schema\/person\/19e093ed91934636837b99b00f5d7640\",\"name\":\"Andr\u00e9\",\"image\":{\"@type\":\"ImageObject\",\"inLanguage\":\"de\",\"@id\":\"https:\/\/sciencebear.info\/public\/#\/schema\/person\/image\/\",\"url\":\"https:\/\/sciencebear.info\/public\/wp-content\/uploads\/2019\/07\/2019-07-09-Andr\u00e9.png\",\"contentUrl\":\"https:\/\/sciencebear.info\/public\/wp-content\/uploads\/2019\/07\/2019-07-09-Andr\u00e9.png\",\"width\":715,\"height\":971,\"caption\":\"Andr\u00e9\"},\"logo\":{\"@id\":\"https:\/\/sciencebear.info\/public\/#\/schema\/person\/image\/\"},\"description\":\"Developer\",\"sameAs\":[\"http:\/\/sciencebear.info\",\"https:\/\/www.instagram.com\/euro_bear\/\",\"https:\/\/www.linkedin.com\/in\/andre-sciencebear\/\",\"https:\/\/x.com\/andrek81\"]}]}<\/script>\n<!-- \/ Yoast SEO plugin. -->","yoast_head_json":{"title":"Online-Umfragetools &#8226; ScienceBear","robots":{"index":"index","follow":"follow","max-snippet":"max-snippet:-1","max-image-preview":"max-image-preview:large","max-video-preview":"max-video-preview:-1"},"canonical":"https:\/\/sciencebear.info\/public\/sammlungen\/online-umfragetools\/","og_locale":"de_DE","og_type":"article","og_title":"Online-Umfragetools &#8226; ScienceBear","og_description":"F\u00fcr eine Kollegin recherchierte Liste von Online-Umfragetools. Diese k\u00f6nnen verwendet werden, wenn einem die M\u00f6glichkeit zum eigenen Hosting etwa z.B. einer LimeSurvey-Installation fehlt. Doodle&nbsp;(ein Google-Service, frei, aber Datenkrake) Facebook-Umfragen&nbsp;(frei, Datenkrake) Freesurveycreator&nbsp;(Einbindung via embedded Script, Sitz in Belgien, kein Preismodell angegeben, Verweis auf Formlets.com -&gt; kein Impressum, Kontakt nur via E-Mail) Class Maker Google Forms&nbsp;(frei, aber [&hellip;]","og_url":"https:\/\/sciencebear.info\/public\/sammlungen\/online-umfragetools\/","og_site_name":"ScienceBear","article_modified_time":"2019-08-01T13:00:26+00:00","og_image":[{"width":1920,"height":480,"url":"https:\/\/sciencebear.info\/public\/wp-content\/uploads\/2015\/04\/rock-1839298_1920-e1566998263420.jpg","type":"image\/jpeg"}],"twitter_card":"summary_large_image","twitter_site":"@andrek81","twitter_misc":{"Gesch\u00e4tzte Lesezeit":"1\u00a0Minute"},"schema":{"@context":"https:\/\/schema.org","@graph":[{"@type":"WebPage","@id":"https:\/\/sciencebear.info\/public\/sammlungen\/online-umfragetools\/","url":"https:\/\/sciencebear.info\/public\/sammlungen\/online-umfragetools\/","name":"Online-Umfragetools &#8226; ScienceBear","isPartOf":{"@id":"https:\/\/sciencebear.info\/public\/#website"},"datePublished":"2016-10-24T08:46:15+00:00","dateModified":"2019-08-01T13:00:26+00:00","breadcrumb":{"@id":"https:\/\/sciencebear.info\/public\/sammlungen\/online-umfragetools\/#breadcrumb"},"inLanguage":"de","potentialAction":[{"@type":"ReadAction","target":["https:\/\/sciencebear.info\/public\/sammlungen\/online-umfragetools\/"]}]},{"@type":"BreadcrumbList","@id":"https:\/\/sciencebear.info\/public\/sammlungen\/online-umfragetools\/#breadcrumb","itemListElement":[{"@type":"ListItem","position":1,"name":"Startseite","item":"https:\/\/sciencebear.info\/public\/"},{"@type":"ListItem","position":2,"name":"Sammlungen","item":"https:\/\/sciencebear.info\/public\/sammlungen\/"},{"@type":"ListItem","position":3,"name":"Online-Umfragetools"}]},{"@type":"WebSite","@id":"https:\/\/sciencebear.info\/public\/#website","url":"https:\/\/sciencebear.info\/public\/","name":"ScienceBear","description":"Wer nur tut, was er kann, wird nie mehr, als er ist. (Ford)","publisher":{"@id":"https:\/\/sciencebear.info\/public\/#\/schema\/person\/19e093ed91934636837b99b00f5d7640"},"potentialAction":[{"@type":"SearchAction","target":{"@type":"EntryPoint","urlTemplate":"https:\/\/sciencebear.info\/public\/?s={search_term_string}"},"query-input":{"@type":"PropertyValueSpecification","valueRequired":true,"valueName":"search_term_string"}}],"inLanguage":"de"},{"@type":["Person","Organization"],"@id":"https:\/\/sciencebear.info\/public\/#\/schema\/person\/19e093ed91934636837b99b00f5d7640","name":"Andr\u00e9","image":{"@type":"ImageObject","inLanguage":"de","@id":"https:\/\/sciencebear.info\/public\/#\/schema\/person\/image\/","url":"https:\/\/sciencebear.info\/public\/wp-content\/uploads\/2019\/07\/2019-07-09-Andr\u00e9.png","contentUrl":"https:\/\/sciencebear.info\/public\/wp-content\/uploads\/2019\/07\/2019-07-09-Andr\u00e9.png","width":715,"height":971,"caption":"Andr\u00e9"},"logo":{"@id":"https:\/\/sciencebear.info\/public\/#\/schema\/person\/image\/"},"description":"Developer","sameAs":["http:\/\/sciencebear.info","https:\/\/www.instagram.com\/euro_bear\/","https:\/\/www.linkedin.com\/in\/andre-sciencebear\/","https:\/\/x.com\/andrek81"]}]}},"_links":{"self":[{"href":"https:\/\/sciencebear.info\/public\/wp-json\/wp\/v2\/pages\/221","targetHints":{"allow":["GET"]}}],"collection":[{"href":"https:\/\/sciencebear.info\/public\/wp-json\/wp\/v2\/pages"}],"about":[{"href":"https:\/\/sciencebear.info\/public\/wp-json\/wp\/v2\/types\/page"}],"author":[{"embeddable":true,"href":"https:\/\/sciencebear.info\/public\/wp-json\/wp\/v2\/users\/1"}],"replies":[{"embeddable":true,"href":"https:\/\/sciencebear.info\/public\/wp-json\/wp\/v2\/comments?post=221"}],"version-history":[{"count":4,"href":"https:\/\/sciencebear.info\/public\/wp-json\/wp\/v2\/pages\/221\/revisions"}],"predecessor-version":[{"id":646,"href":"https:\/\/sciencebear.info\/public\/wp-json\/wp\/v2\/pages\/221\/revisions\/646"}],"up":[{"embeddable":true,"href":"https:\/\/sciencebear.info\/public\/wp-json\/wp\/v2\/pages\/380"}],"wp:attachment":[{"href":"https:\/\/sciencebear.info\/public\/wp-json\/wp\/v2\/media?parent=221"}],"curies":[{"name":"wp","href":"https:\/\/api.w.org\/{rel}","templated":true}]}}