{"id":380,"date":"2017-09-04T13:51:19","date_gmt":"2017-09-04T12:51:19","guid":{"rendered":"http:\/\/sciencebear.info\/public\/?page_id=380"},"modified":"2021-09-27T21:56:02","modified_gmt":"2021-09-27T20:56:02","slug":"sammlungen","status":"publish","type":"page","link":"https:\/\/sciencebear.info\/public\/sammlungen\/","title":{"rendered":"Sammlungen"},"content":{"rendered":"\n<p>Hier sammle ich Alles was nicht, oder nicht dauerhaft in meinen Kopf passt. Auf den Seiten unterhalb von Sammlungen lege zu verschiedenen Themen Wissensspeicher an, weil ich mich beruflich oder privat f\u00fcr sie interessiere. Tipps zur Erweiterung oder Hinweise auf Fehler nehme ich gern entgegen.<\/p>\n\n\n\n<p>Die Sammlungen erheben keinen Anspruch auf Vollst\u00e4ndigkeit oder Fehlerfreiheit. F\u00fcr entstehende Sch\u00e4den ist der Endanwender verantwortlich. Angaben k\u00f6nnen auch veralten, wenn ich eine Seite l\u00e4ngere Zeit nicht pflege.<\/p>\n\n\n\n<h2 class=\"wp-block-heading\">Sammlungen<\/h2>\n\n\n\n<p>Folgende Sammlungen stehen aktuell bereit:<\/p>\n\n\n\n<h3 class=\"wp-block-heading\"><a href=\"http:\/\/sciencebear.info\/public\/it-glossar\/\">IT- und Managementabk\u00fcrzungen<\/a><\/h3>\n\n\n\n<p>Ich las viele Publikationen zu Themen rund um Digitalisierung, Verwaltung und Prozessen. Einige Texte enthalten fachliche Abk\u00fcrzungen, die nicht immer zug\u00e4nglich sind. Zudem vergesse ich selbst einige schnell genug wieder, also lohnt sich ein gelegentlicher Blick auf die Liste.<\/p>\n\n\n\n<h3 class=\"wp-block-heading\"><a href=\"http:\/\/sciencebear.info\/public\/ci-server\/\">Continuous Integration Server<\/a><\/h3>\n\n\n\n<p>Hier geht es um Software, die dabei hilft wiederkehrende Abl\u00e4ufe m\u00f6glichst zu automatisieren. Hier kann Integration je nach Anwendungsfall auch mit anderen Begriffen getauscht werden. Wenn es um Softwareentwicklung geht durch etwa durch <em>Development<\/em>. Geht es um Auslieferung von Software in Test- oder produktive Laufzeitumgebungen durch <em>Deployment<\/em>.<\/p>\n\n\n\n<h3 class=\"wp-block-heading\"><a href=\"http:\/\/sciencebear.info\/public\/online-umfragetools\/\">Online-Umfragetools<\/a><\/h3>\n\n\n\n<p>Eine lose Liste von Umfragetools, die ich bei einer kleinen Recherche zusammengetragen habe.<\/p>\n","protected":false},"excerpt":{"rendered":"<p>Hier sammle ich Alles was nicht, oder nicht dauerhaft in meinen Kopf passt. Auf den Seiten unterhalb von Sammlungen lege zu verschiedenen Themen Wissensspeicher an, weil ich mich beruflich oder privat f\u00fcr sie interessiere. Tipps zur Erweiterung oder Hinweise auf Fehler nehme ich gern entgegen. Die Sammlungen erheben keinen Anspruch auf Vollst\u00e4ndigkeit oder Fehlerfreiheit. F\u00fcr [&hellip;]<\/p>\n","protected":false},"author":1,"featured_media":0,"parent":0,"menu_order":2,"comment_status":"closed","ping_status":"closed","template":"","meta":{"footnotes":""},"class_list":["post-380","page","type-page","status-publish","hentry"],"yoast_head":"<!-- This site is optimized with the Yoast SEO plugin v25.6 - https:\/\/yoast.com\/wordpress\/plugins\/seo\/ -->\n<title>Sammlungen - Des B\u00e4ren Honigtopf und Wintervorrat.<\/title>\n<meta name=\"description\" content=\"Diese Seite enth\u00e4lt ein paar Sammlungen von Begriffen und Abk\u00fcrzungen, die man schnell mal wieder vergisst. Zudem auch ein paar Softwarelisten\" \/>\n<meta name=\"robots\" content=\"index, follow, max-snippet:-1, max-image-preview:large, max-video-preview:-1\" \/>\n<link rel=\"canonical\" href=\"https:\/\/sciencebear.info\/public\/sammlungen\/\" \/>\n<meta property=\"og:locale\" content=\"de_DE\" \/>\n<meta property=\"og:type\" content=\"article\" \/>\n<meta property=\"og:title\" content=\"Sammlungen - Des B\u00e4ren Honigtopf und Wintervorrat.\" \/>\n<meta property=\"og:description\" content=\"Diese Seite enth\u00e4lt ein paar Sammlungen von Begriffen und Abk\u00fcrzungen, die man schnell mal wieder vergisst. Zudem auch ein paar Softwarelisten\" \/>\n<meta property=\"og:url\" content=\"https:\/\/sciencebear.info\/public\/sammlungen\/\" \/>\n<meta property=\"og:site_name\" content=\"ScienceBear\" \/>\n<meta property=\"article:modified_time\" content=\"2021-09-27T20:56:02+00:00\" \/>\n<meta property=\"og:image\" content=\"https:\/\/sciencebear.info\/public\/wp-content\/uploads\/2015\/04\/rock-1839298_1920-e1566998263420.jpg\" \/>\n\t<meta property=\"og:image:width\" content=\"1920\" \/>\n\t<meta property=\"og:image:height\" content=\"480\" \/>\n\t<meta property=\"og:image:type\" content=\"image\/jpeg\" \/>\n<meta name=\"twitter:card\" content=\"summary_large_image\" \/>\n<meta name=\"twitter:site\" content=\"@andrek81\" \/>\n<meta name=\"twitter:label1\" content=\"Gesch\u00e4tzte Lesezeit\" \/>\n\t<meta name=\"twitter:data1\" content=\"1\u00a0Minute\" \/>\n<script type=\"application\/ld+json\" class=\"yoast-schema-graph\">{\"@context\":\"https:\/\/schema.org\",\"@graph\":[{\"@type\":\"WebPage\",\"@id\":\"https:\/\/sciencebear.info\/public\/sammlungen\/\",\"url\":\"https:\/\/sciencebear.info\/public\/sammlungen\/\",\"name\":\"Sammlungen - Des B\u00e4ren Honigtopf und Wintervorrat.\",\"isPartOf\":{\"@id\":\"https:\/\/sciencebear.info\/public\/#website\"},\"datePublished\":\"2017-09-04T12:51:19+00:00\",\"dateModified\":\"2021-09-27T20:56:02+00:00\",\"description\":\"Diese Seite enth\u00e4lt ein paar Sammlungen von Begriffen und Abk\u00fcrzungen, die man schnell mal wieder vergisst. Zudem auch ein paar Softwarelisten\",\"breadcrumb\":{\"@id\":\"https:\/\/sciencebear.info\/public\/sammlungen\/#breadcrumb\"},\"inLanguage\":\"de\",\"potentialAction\":[{\"@type\":\"ReadAction\",\"target\":[\"https:\/\/sciencebear.info\/public\/sammlungen\/\"]}]},{\"@type\":\"BreadcrumbList\",\"@id\":\"https:\/\/sciencebear.info\/public\/sammlungen\/#breadcrumb\",\"itemListElement\":[{\"@type\":\"ListItem\",\"position\":1,\"name\":\"Startseite\",\"item\":\"https:\/\/sciencebear.info\/public\/\"},{\"@type\":\"ListItem\",\"position\":2,\"name\":\"Sammlungen\"}]},{\"@type\":\"WebSite\",\"@id\":\"https:\/\/sciencebear.info\/public\/#website\",\"url\":\"https:\/\/sciencebear.info\/public\/\",\"name\":\"ScienceBear\",\"description\":\"Wer nur tut, was er kann, wird nie mehr, als er ist. (Ford)\",\"publisher\":{\"@id\":\"https:\/\/sciencebear.info\/public\/#\/schema\/person\/19e093ed91934636837b99b00f5d7640\"},\"potentialAction\":[{\"@type\":\"SearchAction\",\"target\":{\"@type\":\"EntryPoint\",\"urlTemplate\":\"https:\/\/sciencebear.info\/public\/?s={search_term_string}\"},\"query-input\":{\"@type\":\"PropertyValueSpecification\",\"valueRequired\":true,\"valueName\":\"search_term_string\"}}],\"inLanguage\":\"de\"},{\"@type\":[\"Person\",\"Organization\"],\"@id\":\"https:\/\/sciencebear.info\/public\/#\/schema\/person\/19e093ed91934636837b99b00f5d7640\",\"name\":\"Andr\u00e9\",\"image\":{\"@type\":\"ImageObject\",\"inLanguage\":\"de\",\"@id\":\"https:\/\/sciencebear.info\/public\/#\/schema\/person\/image\/\",\"url\":\"https:\/\/sciencebear.info\/public\/wp-content\/uploads\/2019\/07\/2019-07-09-Andr\u00e9.png\",\"contentUrl\":\"https:\/\/sciencebear.info\/public\/wp-content\/uploads\/2019\/07\/2019-07-09-Andr\u00e9.png\",\"width\":715,\"height\":971,\"caption\":\"Andr\u00e9\"},\"logo\":{\"@id\":\"https:\/\/sciencebear.info\/public\/#\/schema\/person\/image\/\"},\"description\":\"Developer\",\"sameAs\":[\"http:\/\/sciencebear.info\",\"https:\/\/www.instagram.com\/euro_bear\/\",\"https:\/\/www.linkedin.com\/in\/andre-sciencebear\/\",\"https:\/\/x.com\/andrek81\"]}]}<\/script>\n<!-- \/ Yoast SEO plugin. -->","yoast_head_json":{"title":"Sammlungen - Des B\u00e4ren Honigtopf und Wintervorrat.","description":"Diese Seite enth\u00e4lt ein paar Sammlungen von Begriffen und Abk\u00fcrzungen, die man schnell mal wieder vergisst. Zudem auch ein paar Softwarelisten","robots":{"index":"index","follow":"follow","max-snippet":"max-snippet:-1","max-image-preview":"max-image-preview:large","max-video-preview":"max-video-preview:-1"},"canonical":"https:\/\/sciencebear.info\/public\/sammlungen\/","og_locale":"de_DE","og_type":"article","og_title":"Sammlungen - Des B\u00e4ren Honigtopf und Wintervorrat.","og_description":"Diese Seite enth\u00e4lt ein paar Sammlungen von Begriffen und Abk\u00fcrzungen, die man schnell mal wieder vergisst. Zudem auch ein paar Softwarelisten","og_url":"https:\/\/sciencebear.info\/public\/sammlungen\/","og_site_name":"ScienceBear","article_modified_time":"2021-09-27T20:56:02+00:00","og_image":[{"width":1920,"height":480,"url":"https:\/\/sciencebear.info\/public\/wp-content\/uploads\/2015\/04\/rock-1839298_1920-e1566998263420.jpg","type":"image\/jpeg"}],"twitter_card":"summary_large_image","twitter_site":"@andrek81","twitter_misc":{"Gesch\u00e4tzte Lesezeit":"1\u00a0Minute"},"schema":{"@context":"https:\/\/schema.org","@graph":[{"@type":"WebPage","@id":"https:\/\/sciencebear.info\/public\/sammlungen\/","url":"https:\/\/sciencebear.info\/public\/sammlungen\/","name":"Sammlungen - Des B\u00e4ren Honigtopf und Wintervorrat.","isPartOf":{"@id":"https:\/\/sciencebear.info\/public\/#website"},"datePublished":"2017-09-04T12:51:19+00:00","dateModified":"2021-09-27T20:56:02+00:00","description":"Diese Seite enth\u00e4lt ein paar Sammlungen von Begriffen und Abk\u00fcrzungen, die man schnell mal wieder vergisst. Zudem auch ein paar Softwarelisten","breadcrumb":{"@id":"https:\/\/sciencebear.info\/public\/sammlungen\/#breadcrumb"},"inLanguage":"de","potentialAction":[{"@type":"ReadAction","target":["https:\/\/sciencebear.info\/public\/sammlungen\/"]}]},{"@type":"BreadcrumbList","@id":"https:\/\/sciencebear.info\/public\/sammlungen\/#breadcrumb","itemListElement":[{"@type":"ListItem","position":1,"name":"Startseite","item":"https:\/\/sciencebear.info\/public\/"},{"@type":"ListItem","position":2,"name":"Sammlungen"}]},{"@type":"WebSite","@id":"https:\/\/sciencebear.info\/public\/#website","url":"https:\/\/sciencebear.info\/public\/","name":"ScienceBear","description":"Wer nur tut, was er kann, wird nie mehr, als er ist. (Ford)","publisher":{"@id":"https:\/\/sciencebear.info\/public\/#\/schema\/person\/19e093ed91934636837b99b00f5d7640"},"potentialAction":[{"@type":"SearchAction","target":{"@type":"EntryPoint","urlTemplate":"https:\/\/sciencebear.info\/public\/?s={search_term_string}"},"query-input":{"@type":"PropertyValueSpecification","valueRequired":true,"valueName":"search_term_string"}}],"inLanguage":"de"},{"@type":["Person","Organization"],"@id":"https:\/\/sciencebear.info\/public\/#\/schema\/person\/19e093ed91934636837b99b00f5d7640","name":"Andr\u00e9","image":{"@type":"ImageObject","inLanguage":"de","@id":"https:\/\/sciencebear.info\/public\/#\/schema\/person\/image\/","url":"https:\/\/sciencebear.info\/public\/wp-content\/uploads\/2019\/07\/2019-07-09-Andr\u00e9.png","contentUrl":"https:\/\/sciencebear.info\/public\/wp-content\/uploads\/2019\/07\/2019-07-09-Andr\u00e9.png","width":715,"height":971,"caption":"Andr\u00e9"},"logo":{"@id":"https:\/\/sciencebear.info\/public\/#\/schema\/person\/image\/"},"description":"Developer","sameAs":["http:\/\/sciencebear.info","https:\/\/www.instagram.com\/euro_bear\/","https:\/\/www.linkedin.com\/in\/andre-sciencebear\/","https:\/\/x.com\/andrek81"]}]}},"_links":{"self":[{"href":"https:\/\/sciencebear.info\/public\/wp-json\/wp\/v2\/pages\/380","targetHints":{"allow":["GET"]}}],"collection":[{"href":"https:\/\/sciencebear.info\/public\/wp-json\/wp\/v2\/pages"}],"about":[{"href":"https:\/\/sciencebear.info\/public\/wp-json\/wp\/v2\/types\/page"}],"author":[{"embeddable":true,"href":"https:\/\/sciencebear.info\/public\/wp-json\/wp\/v2\/users\/1"}],"replies":[{"embeddable":true,"href":"https:\/\/sciencebear.info\/public\/wp-json\/wp\/v2\/comments?post=380"}],"version-history":[{"count":4,"href":"https:\/\/sciencebear.info\/public\/wp-json\/wp\/v2\/pages\/380\/revisions"}],"predecessor-version":[{"id":979,"href":"https:\/\/sciencebear.info\/public\/wp-json\/wp\/v2\/pages\/380\/revisions\/979"}],"wp:attachment":[{"href":"https:\/\/sciencebear.info\/public\/wp-json\/wp\/v2\/media?parent=380"}],"curies":[{"name":"wp","href":"https:\/\/api.w.org\/{rel}","templated":true}]}}